{"id":1692,"date":"2015-02-16T18:36:43","date_gmt":"2015-02-16T18:36:43","guid":{"rendered":"https:\/\/www.visituffizi.org\/?page_id=1692"},"modified":"2015-03-13T17:56:17","modified_gmt":"2015-03-13T17:56:17","slug":"historia","status":"publish","type":"page","link":"https:\/\/www.visituffizi.org\/es\/planea-tu-visita\/historia\/","title":{"rendered":"Historia"},"content":{"rendered":"ngg_shortcode_0_placeholder\n<h1>La Historia de la Galer\u00eda de los Uffizi<\/h1>\n<p>Pocos saben que el monumental complejo de los Uffizi no fue creado para ser un museo. Es propio su nombre lo que explica su destino original: fue de hecho ordenado en 1560 por <strong>Cosimo I de&#8217; Medici<\/strong>, primer Gran Duque de Toscana, para dar la bienvenida a las oficinas administrativas y judiciarias de Florencia, los\u00a0\u201cOficios\u201d (\u201cUffizi\u201d en italiano). A la fecha del inicio de la construcci\u00f3n, la Hegemon\u00eda de los Medici estaba ya consolidada.<\/p>\n<p>Cosimo invit\u00f3 a su artista favorito, <strong>Giorgio Vasari<\/strong>, a dise\u00f1ar el edificio en forma de U que podemos admirar hoy en d\u00eda. El gran arquitecto que tambi\u00e9n construy\u00f3 el Corredor secreto, que une y atraviesa la Galer\u00eda Uffizi hasta el\u00a0Palacio Pitti, pasando sobre el Puente Vecchio y atravesando la iglesia de Santa Felicidad y numerosos edificios adyacentes antes de salir a los Jardines de Boboli. El \u201cCorredor Vasariano\u201d fu\u00e9 construido en 1506 con motivo de la boda del hijo de Cosimo, Francisco con Giovanna de Austria.<\/p>\n<p>Para construir la Galer\u00eda de los Uffizi y crear el espacio para el imponente edificio, fueron demolidas muchas\u00a0construcciones entre ellas la iglesia de San Pier Scheraggio, una antigua e importante iglesia Romanesca, de la que todav\u00eda se pueden ver los arcos y columnas de los pasillos, visibles a simple vista desde la\u00a0v\u00eda della Ninna frente al Palacio Vecchio.<\/p>\n<p>La antigua nave de <strong>San Pier Scheraggio<\/strong> es la \u00fanica parte de la iglesia que se mantiene casi intacta y que se encuentra encapsulada en la planta baja de los Uffizi, cerca del Palacio Vecchio\u00a0y\u00a0de la\u00a0entrada del museo.<\/p>\n<p>La Sala de San Pier Scheraggio, a menudo se encuentra cerrada y abre solo para celebraciones y eventos especiales. En su interior encontramos los famosos frescos de Andrea del Castagno que representan el ciclo de los Hombres y\u00a0 Mujeres Ilustres, y otro famoso fresco de Sandro Botticelli con la Anunciaci\u00f3n.<\/p>\n<p>La Galer\u00eda Uffizi fue terminada despu\u00e9s de la muerte de Vasari 1574.<\/p>\n<p>En 1581 <strong>Francesco I de Medici<\/strong>, el hijo de Cosimo I y el nuevo Gran Duque de la Toscana, adecu\u00f3\u00a0el \u00faltimo piso del ala este de la Galer\u00eda con estatuas y otros preciados objetos.<\/p>\n<p>Pero el\u00a0coraz\u00f3n del museo originalmente\u00a0era la sala octagonal de la Tribuna, completada por <strong>Bernardo Buontalenti<\/strong> en 1584, que representa los Cuatro Elementos, y est\u00e1 totalmente decorada de maravilloso m\u00e1rmol, piedras\u00a0 preciosas y conchas.<\/p>\n<p>La colecci\u00f3n\u00a0de aquel momento se ampli\u00f3 siempre m\u00e1s y m\u00e1s, enriqueciendose continuamente con nuevas adquisiciones por parte de todos los miembros de la dinast\u00eda Medici, hasta su\u00a0extinci\u00f3n en el siglo XVIII.<\/p>\n<p>La Galer\u00eda abri\u00f3 al p\u00fablico m\u00e1s tarde, en 1769 por el <strong>Gran Duque Pedro Leopoldo<\/strong>, probablemente el m\u00e1s iluminado e importante miembro de la casa Austriaca\u00a0de Lorena, nueva familia reinante\u00a0del Gran Ducado hasta la uni\u00f3n de Italia.<\/p>\n<p>La Galer\u00eda fue reorganizada completamente de acuerdo a\u00a0los nuevos criterios cient\u00edficos de ese tiempo y las colecciones fueron divididas por tipo y destinadas a sedes espec\u00edficas: para aquellas cient\u00edficas fue creado el nuevo Museo de F\u00edsica y Ciencias Naturales, conocido como el Observatorio (la Specola en italiano). Durante el siglo XIX muchas obras de esculturas del renacimiento, por las cuales el corredor de la Galer\u00eda tomaba el nombre de la Galer\u00eda de las Estatuas, fueron transferidas al Museo Nacional del Bargello y algunas piezas etruscas colocadas en el Museo Arqueol\u00f3gico. Desde entonces los Uffizi se ha convertido en <strong>uno de los museos m\u00e1s visitados y populares<\/strong> <strong>de todo el mundo<\/strong>.<\/p>\n<p>Actualmente la atenci\u00f3n est\u00e1 centrada en el\u00a0proyecto de una nueva salida para la Galer\u00eda, proyectada por el arquitecto <a href=\"http:\/\/es.wikipedia.org\/wiki\/Arata_Isozaki\" target=\"_blank\">Arata Isizaki<\/a>. El ambicioso proyecto buscara conciliar el antiguo con el moderno.<\/p>\n<p>&nbsp;<\/p>\n","protected":false},"excerpt":{"rendered":"<p>La Historia de la Galer\u00eda de los Uffizi Pocos saben que el monumental complejo de los Uffizi no fue creado para ser un museo. Es propio su nombre lo que explica su destino original: fue de hecho ordenado en 1560 por Cosimo I de&#8217; Medici, primer Gran Duque de Toscana, para dar la bienvenida a [&hellip;]<\/p>\n","protected":false},"author":6,"featured_media":0,"parent":1680,"menu_order":1,"comment_status":"open","ping_status":"open","template":"","meta":{"ngg_post_thumbnail":0,"footnotes":""},"class_list":["post-1692","page","type-page","status-publish","hentry"],"yoast_head":"<!-- This site is optimized with the Yoast SEO plugin v27.4 - https:\/\/yoast.com\/product\/yoast-seo-wordpress\/ -->\n<title>Historia de la Galeria de los Uffizi u Oficios<\/title>\n<meta name=\"description\" content=\"Historia de la Galeria Uffizi\" \/>\n<meta name=\"robots\" content=\"index, follow, max-snippet:-1, max-image-preview:large, max-video-preview:-1\" \/>\n<link rel=\"canonical\" href=\"https:\/\/www.visituffizi.org\/es\/planea-tu-visita\/historia\/\" \/>\n<meta property=\"og:locale\" content=\"es_ES\" \/>\n<meta property=\"og:type\" content=\"article\" \/>\n<meta property=\"og:title\" content=\"Historia de la Galeria de los Uffizi u Oficios\" \/>\n<meta property=\"og:description\" content=\"Historia de la Galeria Uffizi\" \/>\n<meta property=\"og:url\" content=\"https:\/\/www.visituffizi.org\/es\/planea-tu-visita\/historia\/\" \/>\n<meta property=\"og:site_name\" content=\"Visit Uffizi\" \/>\n<meta property=\"article:modified_time\" content=\"2015-03-13T17:56:17+00:00\" \/>\n<meta name=\"twitter:label1\" content=\"Tiempo de lectura\" \/>\n\t<meta name=\"twitter:data1\" content=\"3 minutos\" \/>\n<script type=\"application\/ld+json\" class=\"yoast-schema-graph\">{\"@context\":\"https:\\\/\\\/schema.org\",\"@graph\":[{\"@type\":\"WebPage\",\"@id\":\"https:\\\/\\\/www.visituffizi.org\\\/es\\\/planea-tu-visita\\\/historia\\\/\",\"url\":\"https:\\\/\\\/www.visituffizi.org\\\/es\\\/planea-tu-visita\\\/historia\\\/\",\"name\":\"Historia de la Galeria de los Uffizi u Oficios\",\"isPartOf\":{\"@id\":\"https:\\\/\\\/www.visituffizi.org\\\/it\\\/#website\"},\"datePublished\":\"2015-02-16T18:36:43+00:00\",\"dateModified\":\"2015-03-13T17:56:17+00:00\",\"description\":\"Historia de la Galeria Uffizi\",\"breadcrumb\":{\"@id\":\"https:\\\/\\\/www.visituffizi.org\\\/es\\\/planea-tu-visita\\\/historia\\\/#breadcrumb\"},\"inLanguage\":\"es\",\"potentialAction\":[{\"@type\":\"ReadAction\",\"target\":[\"https:\\\/\\\/www.visituffizi.org\\\/es\\\/planea-tu-visita\\\/historia\\\/\"]}]},{\"@type\":\"BreadcrumbList\",\"@id\":\"https:\\\/\\\/www.visituffizi.org\\\/es\\\/planea-tu-visita\\\/historia\\\/#breadcrumb\",\"itemListElement\":[{\"@type\":\"ListItem\",\"position\":1,\"name\":\"Home\",\"item\":\"https:\\\/\\\/www.visituffizi.org\\\/es\\\/\"},{\"@type\":\"ListItem\",\"position\":2,\"name\":\"Planea tu visita\",\"item\":\"https:\\\/\\\/www.visituffizi.org\\\/es\\\/planea-tu-visita\\\/\"},{\"@type\":\"ListItem\",\"position\":3,\"name\":\"Historia\"}]},{\"@type\":\"WebSite\",\"@id\":\"https:\\\/\\\/www.visituffizi.org\\\/it\\\/#website\",\"url\":\"https:\\\/\\\/www.visituffizi.org\\\/it\\\/\",\"name\":\"Visit Uffizi\",\"description\":\"Guide to Uffizi Museum in Florence\",\"potentialAction\":[{\"@type\":\"SearchAction\",\"target\":{\"@type\":\"EntryPoint\",\"urlTemplate\":\"https:\\\/\\\/www.visituffizi.org\\\/it\\\/?s={search_term_string}\"},\"query-input\":{\"@type\":\"PropertyValueSpecification\",\"valueRequired\":true,\"valueName\":\"search_term_string\"}}],\"inLanguage\":\"es\"}]}<\/script>\n<!-- \/ Yoast SEO plugin. -->","yoast_head_json":{"title":"Historia de la Galeria de los Uffizi u Oficios","description":"Historia de la Galeria Uffizi","robots":{"index":"index","follow":"follow","max-snippet":"max-snippet:-1","max-image-preview":"max-image-preview:large","max-video-preview":"max-video-preview:-1"},"canonical":"https:\/\/www.visituffizi.org\/es\/planea-tu-visita\/historia\/","og_locale":"es_ES","og_type":"article","og_title":"Historia de la Galeria de los Uffizi u Oficios","og_description":"Historia de la Galeria Uffizi","og_url":"https:\/\/www.visituffizi.org\/es\/planea-tu-visita\/historia\/","og_site_name":"Visit Uffizi","article_modified_time":"2015-03-13T17:56:17+00:00","twitter_misc":{"Tiempo de lectura":"3 minutos"},"schema":{"@context":"https:\/\/schema.org","@graph":[{"@type":"WebPage","@id":"https:\/\/www.visituffizi.org\/es\/planea-tu-visita\/historia\/","url":"https:\/\/www.visituffizi.org\/es\/planea-tu-visita\/historia\/","name":"Historia de la Galeria de los Uffizi u Oficios","isPartOf":{"@id":"https:\/\/www.visituffizi.org\/it\/#website"},"datePublished":"2015-02-16T18:36:43+00:00","dateModified":"2015-03-13T17:56:17+00:00","description":"Historia de la Galeria Uffizi","breadcrumb":{"@id":"https:\/\/www.visituffizi.org\/es\/planea-tu-visita\/historia\/#breadcrumb"},"inLanguage":"es","potentialAction":[{"@type":"ReadAction","target":["https:\/\/www.visituffizi.org\/es\/planea-tu-visita\/historia\/"]}]},{"@type":"BreadcrumbList","@id":"https:\/\/www.visituffizi.org\/es\/planea-tu-visita\/historia\/#breadcrumb","itemListElement":[{"@type":"ListItem","position":1,"name":"Home","item":"https:\/\/www.visituffizi.org\/es\/"},{"@type":"ListItem","position":2,"name":"Planea tu visita","item":"https:\/\/www.visituffizi.org\/es\/planea-tu-visita\/"},{"@type":"ListItem","position":3,"name":"Historia"}]},{"@type":"WebSite","@id":"https:\/\/www.visituffizi.org\/it\/#website","url":"https:\/\/www.visituffizi.org\/it\/","name":"Visit Uffizi","description":"Guide to Uffizi Museum in Florence","potentialAction":[{"@type":"SearchAction","target":{"@type":"EntryPoint","urlTemplate":"https:\/\/www.visituffizi.org\/it\/?s={search_term_string}"},"query-input":{"@type":"PropertyValueSpecification","valueRequired":true,"valueName":"search_term_string"}}],"inLanguage":"es"}]}},"_links":{"self":[{"href":"https:\/\/www.visituffizi.org\/es\/wp-json\/wp\/v2\/pages\/1692","targetHints":{"allow":["GET"]}}],"collection":[{"href":"https:\/\/www.visituffizi.org\/es\/wp-json\/wp\/v2\/pages"}],"about":[{"href":"https:\/\/www.visituffizi.org\/es\/wp-json\/wp\/v2\/types\/page"}],"author":[{"embeddable":true,"href":"https:\/\/www.visituffizi.org\/es\/wp-json\/wp\/v2\/users\/6"}],"replies":[{"embeddable":true,"href":"https:\/\/www.visituffizi.org\/es\/wp-json\/wp\/v2\/comments?post=1692"}],"version-history":[{"count":0,"href":"https:\/\/www.visituffizi.org\/es\/wp-json\/wp\/v2\/pages\/1692\/revisions"}],"up":[{"embeddable":true,"href":"https:\/\/www.visituffizi.org\/es\/wp-json\/wp\/v2\/pages\/1680"}],"wp:attachment":[{"href":"https:\/\/www.visituffizi.org\/es\/wp-json\/wp\/v2\/media?parent=1692"}],"curies":[{"name":"wp","href":"https:\/\/api.w.org\/{rel}","templated":true}]}}

ngg_shortcode_0_placeholder
<h1>La Historia de la Galería de los Uffizi</h1>
<p>Pocos saben que el monumental complejo de los Uffizi no fue creado para ser un museo. Es propio su nombre lo que explica su destino original: fue de hecho ordenado en 1560 por <strong>Cosimo I de&#8217; Medici</strong>, primer Gran Duque de Toscana, para dar la bienvenida a las oficinas administrativas y judiciarias de Florencia, los “Oficios” (“Uffizi” en italiano). A la fecha del inicio de la construcción, la Hegemonía de los Medici estaba ya consolidada.</p>
<p>Cosimo invitó a su artista favorito, <strong>Giorgio Vasari</strong>, a diseñar el edificio en forma de U que podemos admirar hoy en día. El gran arquitecto que también construyó el Corredor secreto, que une y atraviesa la Galería Uffizi hasta el Palacio Pitti, pasando sobre el Puente Vecchio y atravesando la iglesia de Santa Felicidad y numerosos edificios adyacentes antes de salir a los Jardines de Boboli. El “Corredor Vasariano” fué construido en 1506 con motivo de la boda del hijo de Cosimo, Francisco con Giovanna de Austria.</p>
<p>Para construir la Galería de los Uffizi y crear el espacio para el imponente edificio, fueron demolidas muchas construcciones entre ellas la iglesia de San Pier Scheraggio, una antigua e importante iglesia Romanesca, de la que todavía se pueden ver los arcos y columnas de los pasillos, visibles a simple vista desde la vía della Ninna frente al Palacio Vecchio.</p>
<p>La antigua nave de <strong>San Pier Scheraggio</strong> es la única parte de la iglesia que se mantiene casi intacta y que se encuentra encapsulada en la planta baja de los Uffizi, cerca del Palacio Vecchio y de la entrada del museo.</p>
<p>La Sala de San Pier Scheraggio, a menudo se encuentra cerrada y abre solo para celebraciones y eventos especiales. En su interior encontramos los famosos frescos de Andrea del Castagno que representan el ciclo de los Hombres y  Mujeres Ilustres, y otro famoso fresco de Sandro Botticelli con la Anunciación.</p>
<p>La Galería Uffizi fue terminada después de la muerte de Vasari 1574.</p>
<p>En 1581 <strong>Francesco I de Medici</strong>, el hijo de Cosimo I y el nuevo Gran Duque de la Toscana, adecuó el último piso del ala este de la Galería con estatuas y otros preciados objetos.</p>
<p>Pero el corazón del museo originalmente era la sala octagonal de la Tribuna, completada por <strong>Bernardo Buontalenti</strong> en 1584, que representa los Cuatro Elementos, y está totalmente decorada de maravilloso mármol, piedras  preciosas y conchas.</p>
<p>La colección de aquel momento se amplió siempre más y más, enriqueciendose continuamente con nuevas adquisiciones por parte de todos los miembros de la dinastía Medici, hasta su extinción en el siglo XVIII.</p>
<p>La Galería abrió al público más tarde, en 1769 por el <strong>Gran Duque Pedro Leopoldo</strong>, probablemente el más iluminado e importante miembro de la casa Austriaca de Lorena, nueva familia reinante del Gran Ducado hasta la unión de Italia.</p>
<p>La Galería fue reorganizada completamente de acuerdo a los nuevos criterios científicos de ese tiempo y las colecciones fueron divididas por tipo y destinadas a sedes específicas: para aquellas científicas fue creado el nuevo Museo de Física y Ciencias Naturales, conocido como el Observatorio (la Specola en italiano). Durante el siglo XIX muchas obras de esculturas del renacimiento, por las cuales el corredor de la Galería tomaba el nombre de la Galería de las Estatuas, fueron transferidas al Museo Nacional del Bargello y algunas piezas etruscas colocadas en el Museo Arqueológico. Desde entonces los Uffizi se ha convertido en <strong>uno de los museos más visitados y populares</strong> <strong>de todo el mundo</strong>.</p>
<p>Actualmente la atención está centrada en el proyecto de una nueva salida para la Galería, proyectada por el arquitecto <a href="http://es.wikipedia.org/wiki/Arata_Isozaki" target="_blank">Arata Isizaki</a>. El ambicioso proyecto buscara conciliar el antiguo con el moderno.</p>
<p>&nbsp;</p>

<p>La Historia de la Galería de los Uffizi Pocos saben que el monumental complejo de los Uffizi no fue creado para ser un museo. Es propio su nombre lo que explica su destino original: fue de hecho ordenado en 1560 por Cosimo I de&#8217; Medici, primer Gran Duque de Toscana, para dar la bienvenida a [&hellip;]</p>
