{"id":156,"date":"2011-05-05T13:29:23","date_gmt":"2011-05-05T13:29:23","guid":{"rendered":"http:\/\/www.netpromotion.org\/?page_id=156"},"modified":"2015-07-24T12:28:20","modified_gmt":"2015-07-24T12:28:20","slug":"sala-7-del-primo-rinascimento","status":"publish","type":"page","link":"https:\/\/www.visituffizi.org\/it\/sale\/sala-7-del-primo-rinascimento\/","title":{"rendered":"Sala 7 &#8211; Gentile da Fabriano"},"content":{"rendered":"ngg_shortcode_0_placeholder\n<h1>Sala 7 &#8211; Gentile da Fabriano<\/h1>\n<p><img decoding=\"async\" class=\"aligncenter size-full wp-image-1879\" src=\"https:\/\/www.visituffizi.org\/wp-content\/uploads\/2015\/04\/new-hall-7-fabriano.jpg\" alt=\"new-hall-7-fabriano\" width=\"1000\" height=\"924\" srcset=\"https:\/\/www.visituffizi.org\/wp-content\/uploads\/2015\/04\/new-hall-7-fabriano.jpg 1000w, https:\/\/www.visituffizi.org\/wp-content\/uploads\/2015\/04\/new-hall-7-fabriano-300x277.jpg 300w, https:\/\/www.visituffizi.org\/wp-content\/uploads\/2015\/04\/new-hall-7-fabriano-433x400.jpg 433w, https:\/\/www.visituffizi.org\/wp-content\/uploads\/2015\/04\/new-hall-7-fabriano-100x92.jpg 100w, https:\/\/www.visituffizi.org\/wp-content\/uploads\/2015\/04\/new-hall-7-fabriano-161x149.jpg 161w\" sizes=\"(max-width: 1000px) 100vw, 1000px\" \/><\/p>\n<p><em><strong>In questa sala erano esposti alcuni capolavori del primo Rinascimento. La sala \u00e8 stata restaurata e riaperta nella primavera 2015 ed adesso \u00e8 dedicata a Gentile da Fabriano.<\/strong><\/em><\/p>\n<p>Le opere che erano qui non sono tutte rimaste, e ancora non hanno una collocazione definitiva. In attesa di un aggiornamento di questa pagina con le nuove opere, ecco cosa c&#8217;era prima:<\/p>\n<p>Siamo ormai lontani dallo stile gotico e la rivoluzione figurativa \u00e8 ormai compiuta.<\/p>\n<p>Prospettiva, studio dell&#8217;anatomia e della luce, ripresa della classicit\u00e0, centralit\u00e0 dell&#8217;uomo e indagine psicologica: sono queste le caratteristiche pi\u00f9 evidenti dell&#8217;arte rinascimentale.<\/p>\n<p>Tra le prime opere abbiamo la splendida <em>Sant&#8217;Anna Metterza<\/em> di <strong>Masaccio e Masolino<\/strong> (1424 circa), in cui la Madonna e il Bambino hanno una fisicit\u00e0 quasi statuaria. Dolce e bellissima, poi, la <em>Madonna di Pontassieve<\/em> (1435) del frate pittore <strong>Beato Angelico<\/strong>.<\/p>\n<p>Opere stupende sono inoltre la <a title=\"Pala di Santa Lucia de\u2019 Magnoli di Veneziano\" href=\"https:\/\/www.visituffizi.org\/it\/opere\/pala-di-santa-lucia-de-magnoli-di-veneziano\/\"><em>Pala di Santa Lucia dei Magnoli<\/em><\/a> (1440 circa) di <strong>Domenico Veneziano<\/strong> o la suggestiva tavola della <a title=\"Battaglia di San Romano di Paolo Uccello\" href=\"https:\/\/www.visituffizi.org\/it\/opere\/battaglia-di-san-romano-di-paolo-uccello\/\"><em>Battaglia di San Romano<\/em><\/a> (1438 circa) di <strong>Paolo Uccello<\/strong>, entrambe basate sull&#8217;attento studio della luce e della prospettiva.<\/p>\n<p>In queste opere lo spazio \u00e8 studiato, definito scientificamente ed \u00e8 dominato dall&#8217;uomo. Le figure acquistano fisicit\u00e0 e proporzioni. La luce e il chiaroscuro delineano il loro volume, i corpi e l&#8217;ambiente circostante. Una vera e propria rivoluzione.<\/p>\n","protected":false},"excerpt":{"rendered":"<p>La sala espone alcuni capolavori del primo Rinascimento, con opere di Masaccio, Veneziano, Paolo Uccello<\/p>\n","protected":false},"author":1,"featured_media":1879,"parent":22,"menu_order":30,"comment_status":"open","ping_status":"open","template":"","meta":{"ngg_post_thumbnail":0,"footnotes":""},"class_list":["post-156","page","type-page","status-publish","has-post-thumbnail","hentry"],"yoast_head":"<!-- This site is optimized with the Yoast SEO plugin v27.5 - https:\/\/yoast.com\/product\/yoast-seo-wordpress\/ -->\n<title>Galleria degli Uffizi:Sala del Primo Rinascimento:Masaccio e Beato Angelico<\/title>\n<meta name=\"description\" content=\"La sala espone alcuni capolavori del primo Rinascimento, con opere di Masaccio,del Veneziano e la Battaglia di San Romano di Paolo Uccello\" \/>\n<meta name=\"robots\" content=\"index, follow, max-snippet:-1, max-image-preview:large, max-video-preview:-1\" \/>\n<link rel=\"canonical\" href=\"https:\/\/www.visituffizi.org\/it\/sale\/sala-7-del-primo-rinascimento\/\" \/>\n<meta property=\"og:locale\" content=\"it_IT\" \/>\n<meta property=\"og:type\" content=\"article\" \/>\n<meta property=\"og:title\" content=\"Galleria degli Uffizi:Sala del Primo Rinascimento:Masaccio e Beato Angelico\" \/>\n<meta property=\"og:description\" content=\"La sala espone alcuni capolavori del primo Rinascimento, con opere di Masaccio,del Veneziano e la Battaglia di San Romano di Paolo Uccello\" \/>\n<meta property=\"og:url\" content=\"https:\/\/www.visituffizi.org\/it\/sale\/sala-7-del-primo-rinascimento\/\" \/>\n<meta property=\"og:site_name\" content=\"Visit Uffizi\" \/>\n<meta property=\"article:modified_time\" content=\"2015-07-24T12:28:20+00:00\" \/>\n<meta property=\"og:image\" content=\"https:\/\/www.visituffizi.org\/wp-content\/uploads\/2015\/04\/new-hall-7-fabriano.jpg\" \/>\n\t<meta property=\"og:image:width\" content=\"1000\" \/>\n\t<meta property=\"og:image:height\" content=\"924\" \/>\n\t<meta property=\"og:image:type\" content=\"image\/jpeg\" \/>\n<meta name=\"twitter:label1\" content=\"Tempo di lettura stimato\" \/>\n\t<meta name=\"twitter:data1\" content=\"1 minuto\" \/>\n<script type=\"application\/ld+json\" class=\"yoast-schema-graph\">{\"@context\":\"https:\\\/\\\/schema.org\",\"@graph\":[{\"@type\":\"WebPage\",\"@id\":\"https:\\\/\\\/www.visituffizi.org\\\/it\\\/sale\\\/sala-7-del-primo-rinascimento\\\/\",\"url\":\"https:\\\/\\\/www.visituffizi.org\\\/it\\\/sale\\\/sala-7-del-primo-rinascimento\\\/\",\"name\":\"Galleria degli Uffizi:Sala del Primo Rinascimento:Masaccio e Beato Angelico\",\"isPartOf\":{\"@id\":\"https:\\\/\\\/www.visituffizi.org\\\/it\\\/#website\"},\"primaryImageOfPage\":{\"@id\":\"https:\\\/\\\/www.visituffizi.org\\\/it\\\/sale\\\/sala-7-del-primo-rinascimento\\\/#primaryimage\"},\"image\":{\"@id\":\"https:\\\/\\\/www.visituffizi.org\\\/it\\\/sale\\\/sala-7-del-primo-rinascimento\\\/#primaryimage\"},\"thumbnailUrl\":\"https:\\\/\\\/www.visituffizi.org\\\/wp-content\\\/uploads\\\/2015\\\/04\\\/new-hall-7-fabriano.jpg\",\"datePublished\":\"2011-05-05T13:29:23+00:00\",\"dateModified\":\"2015-07-24T12:28:20+00:00\",\"description\":\"La sala espone alcuni capolavori del primo Rinascimento, con opere di Masaccio,del Veneziano e la Battaglia di San Romano di Paolo Uccello\",\"breadcrumb\":{\"@id\":\"https:\\\/\\\/www.visituffizi.org\\\/it\\\/sale\\\/sala-7-del-primo-rinascimento\\\/#breadcrumb\"},\"inLanguage\":\"it-IT\",\"potentialAction\":[{\"@type\":\"ReadAction\",\"target\":[\"https:\\\/\\\/www.visituffizi.org\\\/it\\\/sale\\\/sala-7-del-primo-rinascimento\\\/\"]}]},{\"@type\":\"ImageObject\",\"inLanguage\":\"it-IT\",\"@id\":\"https:\\\/\\\/www.visituffizi.org\\\/it\\\/sale\\\/sala-7-del-primo-rinascimento\\\/#primaryimage\",\"url\":\"https:\\\/\\\/www.visituffizi.org\\\/wp-content\\\/uploads\\\/2015\\\/04\\\/new-hall-7-fabriano.jpg\",\"contentUrl\":\"https:\\\/\\\/www.visituffizi.org\\\/wp-content\\\/uploads\\\/2015\\\/04\\\/new-hall-7-fabriano.jpg\",\"width\":1000,\"height\":924},{\"@type\":\"BreadcrumbList\",\"@id\":\"https:\\\/\\\/www.visituffizi.org\\\/it\\\/sale\\\/sala-7-del-primo-rinascimento\\\/#breadcrumb\",\"itemListElement\":[{\"@type\":\"ListItem\",\"position\":1,\"name\":\"Home\",\"item\":\"https:\\\/\\\/www.visituffizi.org\\\/it\\\/\"},{\"@type\":\"ListItem\",\"position\":2,\"name\":\"Le sale\",\"item\":\"https:\\\/\\\/www.visituffizi.org\\\/it\\\/sale\\\/\"},{\"@type\":\"ListItem\",\"position\":3,\"name\":\"Sala 7 &#8211; Gentile da Fabriano\"}]},{\"@type\":\"WebSite\",\"@id\":\"https:\\\/\\\/www.visituffizi.org\\\/it\\\/#website\",\"url\":\"https:\\\/\\\/www.visituffizi.org\\\/it\\\/\",\"name\":\"Visit Uffizi\",\"description\":\"Guide to Uffizi Museum in Florence\",\"potentialAction\":[{\"@type\":\"SearchAction\",\"target\":{\"@type\":\"EntryPoint\",\"urlTemplate\":\"https:\\\/\\\/www.visituffizi.org\\\/it\\\/?s={search_term_string}\"},\"query-input\":{\"@type\":\"PropertyValueSpecification\",\"valueRequired\":true,\"valueName\":\"search_term_string\"}}],\"inLanguage\":\"it-IT\"}]}<\/script>\n<!-- \/ Yoast SEO plugin. -->","yoast_head_json":{"title":"Galleria degli Uffizi:Sala del Primo Rinascimento:Masaccio e Beato Angelico","description":"La sala espone alcuni capolavori del primo Rinascimento, con opere di Masaccio,del Veneziano e la Battaglia di San Romano di Paolo Uccello","robots":{"index":"index","follow":"follow","max-snippet":"max-snippet:-1","max-image-preview":"max-image-preview:large","max-video-preview":"max-video-preview:-1"},"canonical":"https:\/\/www.visituffizi.org\/it\/sale\/sala-7-del-primo-rinascimento\/","og_locale":"it_IT","og_type":"article","og_title":"Galleria degli Uffizi:Sala del Primo Rinascimento:Masaccio e Beato Angelico","og_description":"La sala espone alcuni capolavori del primo Rinascimento, con opere di Masaccio,del Veneziano e la Battaglia di San Romano di Paolo Uccello","og_url":"https:\/\/www.visituffizi.org\/it\/sale\/sala-7-del-primo-rinascimento\/","og_site_name":"Visit Uffizi","article_modified_time":"2015-07-24T12:28:20+00:00","og_image":[{"width":1000,"height":924,"url":"https:\/\/www.visituffizi.org\/wp-content\/uploads\/2015\/04\/new-hall-7-fabriano.jpg","type":"image\/jpeg"}],"twitter_misc":{"Tempo di lettura stimato":"1 minuto"},"schema":{"@context":"https:\/\/schema.org","@graph":[{"@type":"WebPage","@id":"https:\/\/www.visituffizi.org\/it\/sale\/sala-7-del-primo-rinascimento\/","url":"https:\/\/www.visituffizi.org\/it\/sale\/sala-7-del-primo-rinascimento\/","name":"Galleria degli Uffizi:Sala del Primo Rinascimento:Masaccio e Beato Angelico","isPartOf":{"@id":"https:\/\/www.visituffizi.org\/it\/#website"},"primaryImageOfPage":{"@id":"https:\/\/www.visituffizi.org\/it\/sale\/sala-7-del-primo-rinascimento\/#primaryimage"},"image":{"@id":"https:\/\/www.visituffizi.org\/it\/sale\/sala-7-del-primo-rinascimento\/#primaryimage"},"thumbnailUrl":"https:\/\/www.visituffizi.org\/wp-content\/uploads\/2015\/04\/new-hall-7-fabriano.jpg","datePublished":"2011-05-05T13:29:23+00:00","dateModified":"2015-07-24T12:28:20+00:00","description":"La sala espone alcuni capolavori del primo Rinascimento, con opere di Masaccio,del Veneziano e la Battaglia di San Romano di Paolo Uccello","breadcrumb":{"@id":"https:\/\/www.visituffizi.org\/it\/sale\/sala-7-del-primo-rinascimento\/#breadcrumb"},"inLanguage":"it-IT","potentialAction":[{"@type":"ReadAction","target":["https:\/\/www.visituffizi.org\/it\/sale\/sala-7-del-primo-rinascimento\/"]}]},{"@type":"ImageObject","inLanguage":"it-IT","@id":"https:\/\/www.visituffizi.org\/it\/sale\/sala-7-del-primo-rinascimento\/#primaryimage","url":"https:\/\/www.visituffizi.org\/wp-content\/uploads\/2015\/04\/new-hall-7-fabriano.jpg","contentUrl":"https:\/\/www.visituffizi.org\/wp-content\/uploads\/2015\/04\/new-hall-7-fabriano.jpg","width":1000,"height":924},{"@type":"BreadcrumbList","@id":"https:\/\/www.visituffizi.org\/it\/sale\/sala-7-del-primo-rinascimento\/#breadcrumb","itemListElement":[{"@type":"ListItem","position":1,"name":"Home","item":"https:\/\/www.visituffizi.org\/it\/"},{"@type":"ListItem","position":2,"name":"Le sale","item":"https:\/\/www.visituffizi.org\/it\/sale\/"},{"@type":"ListItem","position":3,"name":"Sala 7 &#8211; Gentile da Fabriano"}]},{"@type":"WebSite","@id":"https:\/\/www.visituffizi.org\/it\/#website","url":"https:\/\/www.visituffizi.org\/it\/","name":"Visit Uffizi","description":"Guide to Uffizi Museum in Florence","potentialAction":[{"@type":"SearchAction","target":{"@type":"EntryPoint","urlTemplate":"https:\/\/www.visituffizi.org\/it\/?s={search_term_string}"},"query-input":{"@type":"PropertyValueSpecification","valueRequired":true,"valueName":"search_term_string"}}],"inLanguage":"it-IT"}]}},"_links":{"self":[{"href":"https:\/\/www.visituffizi.org\/it\/wp-json\/wp\/v2\/pages\/156","targetHints":{"allow":["GET"]}}],"collection":[{"href":"https:\/\/www.visituffizi.org\/it\/wp-json\/wp\/v2\/pages"}],"about":[{"href":"https:\/\/www.visituffizi.org\/it\/wp-json\/wp\/v2\/types\/page"}],"author":[{"embeddable":true,"href":"https:\/\/www.visituffizi.org\/it\/wp-json\/wp\/v2\/users\/1"}],"replies":[{"embeddable":true,"href":"https:\/\/www.visituffizi.org\/it\/wp-json\/wp\/v2\/comments?post=156"}],"version-history":[{"count":0,"href":"https:\/\/www.visituffizi.org\/it\/wp-json\/wp\/v2\/pages\/156\/revisions"}],"up":[{"embeddable":true,"href":"https:\/\/www.visituffizi.org\/it\/wp-json\/wp\/v2\/pages\/22"}],"wp:featuredmedia":[{"embeddable":true,"href":"https:\/\/www.visituffizi.org\/it\/wp-json\/wp\/v2\/media\/1879"}],"wp:attachment":[{"href":"https:\/\/www.visituffizi.org\/it\/wp-json\/wp\/v2\/media?parent=156"}],"curies":[{"name":"wp","href":"https:\/\/api.w.org\/{rel}","templated":true}]}}

ngg_shortcode_0_placeholder
<h1>Sala 7 &#8211; Gentile da Fabriano</h1>
<p><img decoding="async" class="aligncenter size-full wp-image-1879" src="https://www.visituffizi.org/wp-content/uploads/2015/04/new-hall-7-fabriano.jpg" alt="new-hall-7-fabriano" width="1000" height="924" srcset="https://www.visituffizi.org/wp-content/uploads/2015/04/new-hall-7-fabriano.jpg 1000w, https://www.visituffizi.org/wp-content/uploads/2015/04/new-hall-7-fabriano-300x277.jpg 300w, https://www.visituffizi.org/wp-content/uploads/2015/04/new-hall-7-fabriano-433x400.jpg 433w, https://www.visituffizi.org/wp-content/uploads/2015/04/new-hall-7-fabriano-100x92.jpg 100w, https://www.visituffizi.org/wp-content/uploads/2015/04/new-hall-7-fabriano-161x149.jpg 161w" sizes="(max-width: 1000px) 100vw, 1000px" /></p>
<p><em><strong>In questa sala erano esposti alcuni capolavori del primo Rinascimento. La sala è stata restaurata e riaperta nella primavera 2015 ed adesso è dedicata a Gentile da Fabriano.</strong></em></p>
<p>Le opere che erano qui non sono tutte rimaste, e ancora non hanno una collocazione definitiva. In attesa di un aggiornamento di questa pagina con le nuove opere, ecco cosa c&#8217;era prima:</p>
<p>Siamo ormai lontani dallo stile gotico e la rivoluzione figurativa è ormai compiuta.</p>
<p>Prospettiva, studio dell&#8217;anatomia e della luce, ripresa della classicità, centralità dell&#8217;uomo e indagine psicologica: sono queste le caratteristiche più evidenti dell&#8217;arte rinascimentale.</p>
<p>Tra le prime opere abbiamo la splendida <em>Sant&#8217;Anna Metterza</em> di <strong>Masaccio e Masolino</strong> (1424 circa), in cui la Madonna e il Bambino hanno una fisicità quasi statuaria. Dolce e bellissima, poi, la <em>Madonna di Pontassieve</em> (1435) del frate pittore <strong>Beato Angelico</strong>.</p>
<p>Opere stupende sono inoltre la <a title="Pala di Santa Lucia de’ Magnoli di Veneziano" href="https://www.visituffizi.org/it/opere/pala-di-santa-lucia-de-magnoli-di-veneziano/"><em>Pala di Santa Lucia dei Magnoli</em></a> (1440 circa) di <strong>Domenico Veneziano</strong> o la suggestiva tavola della <a title="Battaglia di San Romano di Paolo Uccello" href="https://www.visituffizi.org/it/opere/battaglia-di-san-romano-di-paolo-uccello/"><em>Battaglia di San Romano</em></a> (1438 circa) di <strong>Paolo Uccello</strong>, entrambe basate sull&#8217;attento studio della luce e della prospettiva.</p>
<p>In queste opere lo spazio è studiato, definito scientificamente ed è dominato dall&#8217;uomo. Le figure acquistano fisicità e proporzioni. La luce e il chiaroscuro delineano il loro volume, i corpi e l&#8217;ambiente circostante. Una vera e propria rivoluzione.</p>
